10)/(-35))/((-3)/(-21)). Let a be -4*(-10)/2 + k. What is the highest common factor of 55 and a?
11
Suppose 2*r - 104 = -2*r. Suppose 2*z - 148 = -3*h + 49, 4*z - 199 = -3*h. Calculate the greatest common divisor of r and h.
13
Suppose -2*b - 3*b - 247 = 3*g, -4*g + 254 = -5*b. Let d = 95 + b. Calculate the greatest common divisor of d and 9.
9
Let g = 142 + 2. Let i(n) be the second derivative of -n**4/12 + 11*n**3/6 - n**2 - n. Let x be i(9). Calculate the greatest common factor of x and g.
16
Suppose 0 = -3*a + 2*w + 50, -1 = 5*w + 19. Let t = a + -12. Suppose t*h + 0*i - 70 = 4*i, 0 = -3*i - 3. What is the highest common factor of 22 and h?
11
Let w(q) = q - 3. Suppose -2*y - 16 = -4*y. Let b be w(y). Suppose -2*d + 2*o + 16 = 7*o, -o + 63 = b*d. What is the highest common factor of 104 and d?
13
Suppose 42*b = 13000 + 44288. What is the greatest common factor of b and 88?
44
Let f(h) = -77*h + 746. Let i be f(9). What is the greatest common factor of i and 265?
53
Let a be 10 - ((8 - 13) + -69). What is the highest common factor of 112 and a?
28
Let y = 26 + -7. Let z = y + -9. Let l be 3/2 + (-708)/(-8). Calculate the highest common divisor of l and z.
10
Let r = -3 + 9. Let x be (2/(-4))/(r/(-12)). Calculate the greatest common divisor of 7 and x.
1
Let k(i) = i**2 - 3*i + 9. Let r be k(3). Calculate the greatest common factor of 990 and r.
9
Let j = -76 - -122. Suppose -r - 228 = -i, -i + 3*r - 672 = -4*i. Let l = -157 + i. Calculate the highest common factor of j and l.
23
Let z(s) = s**3 - 12*s**2 - 27*s - 13. Let x be z(14). Let k be ((30/50)/(1/25))/x. Calculate the highest common divisor of k and 15.
15
Suppose 2 = -d - 2*z - 0, 8 = 5*d + z. Suppose -7*p - 20 = -d*p. Let k be 5/(-20) - 89/p. Calculate the highest common divisor of k and 2.
2
Let i(l) = 29*l**3 + l**2 + l - 1. Let b be i(1). Let k be -1461*(-2)/b - (-3)/5. What is the greatest common divisor of k and 14?
14
Suppose 0*n - 144 = 3*n. Let c be 7*-1*n/28. Suppose 420 = w + 4*w. What is the greatest common divisor of c and w?
12
Let l = -29 + 133. Suppose -8*y - 7*y = -195. What is the highest common factor of y and l?
13
Let d(n) = n**2 - 11*n - 6. Let r be d(12). Let o(m) = 4*m**3 - 6*m**2 + 5*m - 3. Let l be o(3). What is the highest common divisor of l and r?
6
Let z = 841 - -889. Calculate the greatest common divisor of z and 10.
10
Let k be (17/(-34))/(1/(-8)). Suppose -9 = -d - 3*a, 4*d - k = -3*a + 14. What is the greatest common divisor of 6 and d?
3
Suppose 0*c = 2*c - 120. Let l = 436 - 435. Suppose 2*t - 5*g - 47 = 0, -2*g = 3*t - l - c. Calculate the greatest common divisor of t and 3.
3
Suppose 5*q - 123 = 2*q. Let g = 69 - q. Let l be -1 - (-664)/136 - (-4)/34. What is the highest common divisor of g and l?
4
Suppose 47 = 8*t + 7. Suppose 2*g - 64 = 4*r - 218, -198 = -t*r - 3*g. Calculate the greatest common divisor of r and 26.
13
Let d(k) = -k**2 + 17*k - 9. Let y be d(16). What is the greatest common factor of y and 679?
7
Let d be (15/(-6))/(1/(-2)). Suppose 3*v = -4*m + 186, 5*v - 31 = -21. Calculate the highest common divisor of m and d.
5
Suppose 0 = 11*t - 13*t. Let d(o) = -o**3 + o**2 + o + 99. Let b be d(t). What is the highest common divisor of 11 and b?
11
Let k(q) = -q + 23. Let t be k(8). Let j be 24/(-2)*-1*t/12. Calculate the greatest common factor of 45 and j.
15
Suppose 57463 = 88*p + 12495. What is the highest common divisor of 28 and p?
7
Let h(p) = -p**2 - 8*p + 12. Let k be h(-8). Suppose 15*w - k = 123. Calculate the greatest common divisor of 9 and w.
9
Suppose 31*w - 7877 = 2725. Calculate the greatest common divisor of w and 18.
18
Let k = 1109 + -1104. Calculate the highest common divisor of 15 and k.
5
Suppose 4*s + 9 = 3*i + 2*i, -2*s + 18 = 2*i. Calculate the highest common divisor of 9 and s.
1
Suppose -k + 14*k = 91. Let u = -183 - -260. What is the highest common factor of u and k?
7
Let r(m) = -5*m**2 - m + 1. Let w be r(-2). Let v = w - -63. Suppose v = 3*g - 2. What is the highest common factor of 48 and g?
16
Suppose 367 = 9*j - 407. Calculate the greatest common factor of 430 and j.
86
Let j = 289 + -181. What is the greatest common divisor of 8 and j?
4
Suppose -b - 88 = -5*b. Let g = -323 + 325. Calculate the highest common factor of b and g.
2
Let u(y) = -24*y**3 + 5*y**2 + 7*y + 5. Let b be u(-2). What is the greatest common factor of b and 29?
29
Suppose -9*a + 7*a + 1150 = 3*w, -4*w = 2*a - 1534. What is the highest common factor of w and 24?
24
Suppose 7*p = 8*p - 16. Let d(m) = -34*m + 6. Let y be d(-5). Calculate the highest common factor of p and y.
16
Suppose -5*d + 273 = 16*d. What is the highest common divisor of d and 91?
13
Let b = 61 + 279. Calculate the greatest common divisor of b and 10.
10
Let m be ((-492)/(-12))/((8/(-52))/(-2)). Calculate the greatest common divisor of m and 78.
13
Suppose -v + 0 = -124. Let a(g) = -13*g + 3. Let q be a(7). Let k = v + q. What is the highest common factor of k and 24?
12
Let p = -2 + 0. Let s(y) = -3*y**3 + 2*y. Let w be s(p). Calculate the greatest common factor of 180 and w.
20
Let c be (168/49)/((-4)/(-14)). Suppose -4*s - 253 = -l - 9, -5*l = -s - 1144. What is the highest common divisor of l and c?
12
Suppose c = 3*b + 6, -4*b - b - 20 = -5*c. Suppose 4*o - 60 = -o. Calculate the highest common factor of o and c.
3
Let s(k) = -k**3 - 3*k**2 + 6*k + 3. Let x be s(-4). Let j = -6 - x. Let l be 9 - (j + 3 + 0). Calculate the greatest common divisor of 56 and l.
7
Suppose 10 + 14 = 4*t - 4*f, 0 = -2*f - 8. Suppose 2*h - 14 = -t*g, 3*h + 0*g + 2*g - 18 = 0. Calculate the highest common factor of h and 72.
4
Suppose 2*i = 7*u - 2*u + 121, -2*i = 2*u - 128. What is the highest common divisor of i and 14?
7
Let w = -31 + 33. Suppose 3*o - 17 = w*o. What is the greatest common divisor of o and 85?
17
Let u be 1 + (((-9)/1)/3 - -3). Calculate the greatest common factor of u and 29.
1
Let o(m) = 28*m - 10. Suppose -3*q - 23 = -2*v, -3*q - 32 = -3*v + 1. Let b be o(v). What is the highest common factor of 30 and b?
30
Suppose 2*g + 3*b + 0 - 2 = 0, -14 = -4*g - b. Suppose 234 = -g*d - 186. Let h = 5 - d. What is the greatest common factor of 22 and h?
22
Let m = -15 + 18. Suppose 4*q + 26 = -m*w, -2*q + 3*q + w + 6 = 0. Let y be q*-14*2/8. Calculate the highest common divisor of y and 42.
14
Let b be (12/(-6))/((-2)/9). Suppose 0 = -3*y - b, -y = 4*d + 3*y - 84. Let o be -1 - -61 - 0/1. What is the highest common divisor of d and o?
12
Let b(o) = 2*o**2 - 60*o + 316. Let a be b(46). Calculate the greatest common factor of 12 and a.
12
Let h = 1044 - 1034. Calculate the highest common divisor of h and 1210.
10
Let r(j) = 3*j + 31. Suppose -2*b + 2*l - 7*l = -1, -l + 21 = 3*b. Let h be (b - -1)/(0 - 1). Let s be r(h). Calculate the greatest common divisor of s and 6.
2
Let y = 263 + -223. What is the greatest common divisor of 520 and y?
40
Let b be (-11)/(2/(-3 - 5/(-5))). What is the greatest common factor of 11 and b?
11
Suppose -3 = -0*j - j + k, -5*k = -2*j + 15. Suppose 2*y + 37 = 4*n - 29, -5*n + y + 81 = j. Calculate the greatest common divisor of n and 16.
16
Let v = 41 + -25. Suppose 5*o + 2*m = -3*m + 70, -2*o + 2*m + v = 0. Suppose 0 = n - o + 1. What is the greatest common factor of n and 2?
2
Suppose 2*r - 197 = -3*u, -2*u + 44 = -4*r - 82. Let k = u - 49. What is the highest common factor of k and 48?
16
Let s = -8 - -10. Let y(k) = -k**2 + 0*k**2 + 0*k**2 - s + 4 + 5*k. Let l be y(5). What is the greatest common factor of l and 18?
2
Let k(d) = -16*d - 1. Let t be k(-1). Let w be 0 - -88 - 38/19. Let b = w + -26. What is the greatest common divisor of t and b?
15
Suppose 0*z - 20 = -4*z. Let k be (30/(-7))/(z/(-35)). Let a be 4 - (-3)/(6/4). What is the greatest common factor of k and a?
6
Let y be ((-6)/1)/((-2)/(7 - 3)). What is the greatest common factor of 40 and y?
4
Let s(u) = u**3 + 7*u**2 + 6*u - 2. Let l be s(-6). Let n = l + 90. Calculate the greatest common factor of 11 and n.
11
Let o = 29 + -1. Suppose -7*x = -171 + 122. Calculate the highest common divisor of x and o.
7
Suppose -5*l = -8*l. Let v(z) = 4*z**2 - 6*z - 7*z**2 + l*z**2 + 2*z**2 + 12. Let p be v(-6). Calculate the highest common divisor of 96 and p.
12
Let o(u) = 32*u - 192. 